z) = 5*z + 8. Let d = 13 + -12. Let f(w) = w + 2. Let m(l) = d*h(l) - 6*f(l). Determine m(0).
-4
Let g(j) be the third derivative of 0 + 0*j + 0*j**4 - 1/120*j**6 + 69*j**2 + 1/60*j**5 + 0*j**3. Determine g(1).
0
Let s(u) be the second derivative of 3*u**3 + u**2/2 + 9*u. Suppose 0 = -3*c - m + 6*m - 35, -3*m = 2*c + 55. Let q = c + 21. Give s(q).
19
Let a(r) = -13*r + 32. Let z(s) = -29*s + 87. Let g(h) = 7*a(h) - 3*z(h). What is g(-8)?
-5
Let a(c) = -c**2 - 5*c + 82. Let t be a(7). Let f(k) = 6*k + 1. Let s = 43 - 41. Let j(u) = 7*u + 2. Let w(v) = s*j(v) - 3*f(v). Give w(t).
9
Let k(r) = r + 0*r - 2 + 2*r - 2*r + 2*r**2. Suppose 9*u = 5*u - l + 14, -2 = -l. Determine k(u).
19
Let c(k) be the third derivative of -k**6/120 - 3*k**5/20 + 5*k**4/8 + 11*k**3/6 + 26*k**2 + 2. Determine c(-10).
-39
Let r(z) = -5*z**3 - 3*z + 4. Suppose -v + 2 = 2*x, -36*v + 32*v + 8 = 3*x. Give r(v).
-42
Let y(c) be the third derivative of c**6/90 - c**5/60 - c**4/3 + 5*c**3/6 - 47*c**2. Let d(o) be the second derivative of y(o). Calculate d(-2).
-18
Let q be (5 - (-78)/(-12)) + 26/4. Suppose -6*n = -5*h - 8*n + 21, 5*h + q*n = 15. Let i(b) = -b**3 + 4*b**2 + 6. What is i(h)?
-19
Let i(o) = 2189*o - 2189. Let g be i(1). Let a(c) = -c**2 - 53*c - 16. Determine a(g).
-16
Let p(a) be the second derivative of -a**5/20 - a**4/2 - a**3 - 9*a**2/2 - 34*a. Let m(b) = -b**3 - 17*b**2 - 4*b - 73. Let f be m(-17). Determine p(f).
-4
Let f(s) be the first derivative of s**4/4 - 2*s**3/3 - s + 1. Suppose 2*n + 21 = 1446*w - 1449*w, w = 4*n - 21. Determine f(n).
8
Let o = -13134 + 13140. Let n(w) = -w**3 + 4*w**2 + 12*w - 6. What is n(o)?
-6
Let s(i) = i**2 - 5*i + 1. Let r be s(0). Let k(b) = -475*b + 3 + 242*b + 232*b + r. Calculate k(7).
-3
Suppose -8*k + 144 = 16*k. Let s(u) = -7*u**3 - 22*u**2 - 8*u + 11. Let d(v) = -13*v**3 - 40*v**2 - 15*v + 21. Let t(f) = k*d(f) - 11*s(f). What is t(3)?
-10
Suppose -6 = -3*f - 3*i, -26*f + 30*f - 2*i = -40. Let u(a) = -a**3 - 2*a**2 + 24*a - 1. What is u(f)?
-1
Let v(o) = -o**3 - 10*o**2 + 8*o - 17. Let a(x) = 4*x**2 + 81*x - 43*x + 6 - 41*x. Let q(h) = 11*a(h) + 4*v(h). Give q(2).
-20
Let q(r) = -r - 3. Suppose -3*j + 5*k - 5 = 0, k = -j + 5 - 20. Let z(g) = -2*g**2 - 20*g - 1. Let d be z(j). Calculate q(d).
-2
Let b(u) be the first derivative of -u**4/4 + 2*u**3 - 3*u**2 - 8*u + 514. Give b(4).
0
Let c(a) = -4 + 8*a - 9 + 2 + 14 - 6. Give c(0).
-3
Let m(z) be the second derivative of 8*z**2 + 0 - 1/3*z**3 - 1/30*z**5 + 6*z - 1/12*z**4. Let q(h) be the first derivative of m(h). Give q(-2).
-6
Let o(r) be the first derivative of -r**4/4 - 7*r**3/3 - 4*r**2 + 193. Give o(-7).
56
Let q = -290 - -293. Suppose -r + 20 = q*r. Let z(w) = 3*w - 7. What is z(r)?
8
Let t(w) be the second derivative of w**2/2 + 2*w. Let a(u) = -u - 16. Let c be 57/(-76)*10/(1/2*-3). Let k(m) = c*t(m) + a(m). What is k(-7)?
-4
Let d(w) be the third derivative of 7/60*w**5 + 10*w**2 - 1/6*w**3 + 0*w + 0 + 0*w**4 + 1/120*w**6. Suppose n - 2*g = -5*g - 4, -g = 5*n + 34. Give d(n).
-1
Let s(o) = o**3 + 11*o**2 + 3*o + 43. Let p be s(-11). Let h(u) = -5*u + 60. What is h(p)?
10
Let n(m) = m**3 - 6*m**2 + 3*m - 9. Let q be (1485/99)/(0 - 10/(-4)). What is n(q)?
9
Suppose -32*r + 31*r = -2*n - 17, n + 4*r = 14. Let o(m) be the third derivative of -m**4/12 - 13*m**3/6 - 28*m**2. Determine o(n).
-1
Let l(y) = 2*y**3 - y + 1. Let j(u) = 19*u**3 + 4*u**2 - 8*u + 13. Let i(k) = -j(k) + 10*l(k). Calculate i(6).
57
Let d(y) = y**3 - y**2 - y. Suppose 0 = -6*j + 106 - 28. Suppose 16*v + 19 + j = 0. Calculate d(v).
-10
Suppose 3*r + 1 = -4*y + 3, -y + 3 = 2*r. Suppose 3*q = 5*h - 44, -2*h = r*h - 16. Let g(z) = -2*z - 10. Give g(q).
6
Let n be (-2211)/(-12) - -2 - 13/52. Let q = n - 175. Let p(x) = -x**3 + 12*x**2 - 12*x + 8. Calculate p(q).
-3
Let k(d) = 35112 + 12*d + 0*d**2 - 35106 + 4*d**2. Determine k(-3).
6
Let w(g) = 16*g + 112*g**2 + 114*g**2 - 348*g**2 - 36 + 123*g**2 - 14. Determine w(4).
30
Let m(s) be the third derivative of -1/6*s**3 + 0 - 1/60*s**5 + 1/6*s**4 + 0*s + 91*s**2. Determine m(7).
-22
Let w(a) be the third derivative of -a**5/60 - a**4/6 + 4*a**3/3 + 5*a**2. Suppose b - 24 = -0*t + 4*t, 5*b = 7*t + 42. What is w(t)?
-4
Let c(p) = -p**3 + 5*p**2 - 2*p + 1. Let b(o) = 12*o**2 + 13*o - 28. Let n be b(3). Let w = 124 - n. Determine c(w).
-9
Suppose 5*z - 50 = 5*t, 2155*z - 2151*z = -4*t. Let i be 2/(-5) - 110/(-25). Let d(h) = 18*h**2 - 1 - 8*h**2 - i*h - h**3 - 5*h**2. What is d(z)?
-21
Let w(y) be the second derivative of -y**5/2 - 2*y**3/3 - 2*y**2 - 3348*y. What is w(-1)?
10
Let x = 646 + -640. Let f(s) be the second derivative of s**4/12 - 4*s**3/3 + 2*s**2 - 14*s. Give f(x).
-8
Let v(r) = r**3 - 2*r**2 - 2*r - 7. Let h be v(3). Let t(n) be the second derivative of n**4/12 - 5*n**2/2 - 83*n - 2. Calculate t(h).
11
Let b(r) = r**3 + 6*r**2 - 6*r + 7. Let k(u) = -13*u - 23. Let x be k(-2). Suppose -l - 5*h - 9 - x = 0, 5*l - 2*h + 33 = 0. What is b(l)?
0
Let w(n) = 461*n - 2*n**2 + 371*n - 12 - 849*n. What is w(-7)?
9
Let f be ((-4367)/(-33))/(1/(-18)*-3). Let a = 801 - f. Let b(z) = -z**2 + 13*z - 9. Let o(s) = -3*s**2 + 38*s - 26. Let y(m) = 11*b(m) - 4*o(m). Give y(a).
-9
Let x(l) = 2*l - 4 + 35*l - 4 - 11. Let v(h) = 80*h - 39. Let m(q) = 6*v(q) - 13*x(q). Give m(0).
13
Let m(h) = h**3 - 2*h**2 - 2*h - 2. Suppose -27*o + 3*o = 91 - 43. What is m(o)?
-14
Let s(t) be the first derivative of -t**2 + 6*t - 5592. Let f = -10 + 15. Calculate s(f).
-4
Let q = -38 - -40. Let m(s) = -3*s**2 + 2*s**q + 4 + 4 - 6*s - 4. Let p be 7 + -7 + 1 + -6. Determine m(p).
9
Let f(b) be the second derivative of -b**5/20 + 8*b**2 - b - 106. Let s(d) = d**3 + 18*d**2 + 31*d - 16. Let w be s(-16). What is f(w)?
16
Let y = 4161/4 + -1040. Let z(p) be the first derivative of 4*p + 15 + 5/3*p**3 + 5/2*p**2 - y*p**4. Calculate z(6).
-2
Let z(s) = s**2 + 5*s + 22. Let r = -81 + 79. Let c(t) = t**2 - 1. Let j(y) = r*c(y) + z(y). Let v(a) be the first derivative of j(a). Calculate v(4).
-3
Let k(b) be the first derivative of b**3/3 + 8*b**2 - 508*b + 7659. Calculate k(16).
4
Let n(j) = -j**3 + 6*j**2 + 5*j + 7. Let i(s) be the second derivative of s**5/20 - s**3/3 + 7*s**2/2 - 143*s. Let g be i(0). Determine n(g).
-7
Suppose 0 = 6*w - 20*w + 56. Let c(g) = 7*g - 1. Let x(t) = -19*t + 2. Let v(k) = w*x(k) + 11*c(k). Calculate v(10).
7
Let l(q) = 2752*q + 151*q**2 - 72*q**2 - 106*q**2 + 64 - 2729*q + q**3 + 0*q**3. What is l(26)?
-14
Let k be (32/40)/(1/5). Suppose 0 = -5*p + 2*s + 3 - 1, 0 = 3*p - k*s + 10. Suppose -5*i = -p*o + 4*o, 0 = 3*o - 5*i. Let x(l) = l**2 + l - 8. What is x(o)?
-8
Suppose -3*y + u = 10, 474*u - 475*u - 10 = 2*y. Let r(j) be the second derivative of -j**5/20 - 5*j**4/12 - 5*j**3/6 - j**2 - j. What is r(y)?
2
Let r be 3 - -3*((-30)/(-9))/5. Suppose -r*v - 6*a + 5 = -a, -2*v = 5*a - 11. Let g(u) be the second derivative of u**4/6 + 2*u. What is g(v)?
8
Suppose 458 = 12*s - 12622. Suppose 0*o + 4*h - 239 = -o, 5*o - s = h. Let x be o/45 + (-20)/(-150). Let u(m) = m - 5. What is u(x)?
0
Let k(j) = -14*j - 11*j - 13*j + 46*j - 14*j - 50. What is k(-9)?
4
Let b(s) = 9640*s**2 - s**3 + 9646*s**2 - s - 19288*s**2. Give b(-1).
0
Suppose -i - 2*v - 8 = 0, -i - 4 = i - 2*v. Let y(k) be the second derivative of k**4/6 + k**3/6 - k**2 - 107534*k. Give y(i).
26
Let l = -766 + 766. Suppose l = -21*p - 89 + 68. Let b(d) = -3*d + 3. Calculate b(p).
6
Let i = 8262 - 8275. Let m(w) = 4*w + 44. Calculate m(i).
-8
Let k(q) be the second derivative of -q**3 + 6*q**2 + 1186*q. Calculate k(4).
-12
Let p = -7573 + 7568. Let a(w) = w**3 + 6*w**2 + 3*w - 8. Calculate a(p).
2
Let h(j) = -3*j**2 - 52*j - 227. Let r(z) = 26*z**2 - 3589*z + 129. Let q be r(138). Determine h(q).
-2
Let y(t) = -11*t**2 + 26*t + 15. Let w be y(7). Let j be ((-2)/6)/(38/w). Let v(k) = -5*k + 3. Give v(j).
-12
Let u(z) = 893 + 873 - 1780 - 2*z. Suppose -4*r = -3*f + 25, 2*r + f + 22 = -r. What is u(r)?
0
Let q(l) = -1 - 62*l + 126*l + 3 - 63*l + 6. What is q(10)?
18
Let l(w) = -5*w + 2*w**2 - 44 + 86 - 53 + 3*w**2 - 4*w**2. Determine l(-5).
39
Suppose -326*a + 330*a + 5*g = 145, 0 = -3*g - 9. Let i(q) = -2*q**3 + 79*q**2 + 40*q - 12. What is i(a)?
-12
Let i(j) be the third derivative of j**6/120 - 19*j**5/60